= -3*w, 0 = -2*w + q + 3 - 0. Suppose 4*r - 2*l = 752, w*r - 183 = 2*r + 3*l. What are the prime factors of r?
3, 7
Let l(s) = -10 - 10 - 10*s + 20*s. What are the prime factors of l(8)?
2, 3, 5
Let p(q) be the third derivative of q**4/6 + 2*q**3/3 - 3*q**2 - 19*q. Suppose -25 = -7*v + 2*v. List the prime factors of p(v).
2, 3
Suppose -84*z = -82*z - 838. List the prime factors of z.
419
Let y = 35 + 242. What are the prime factors of y?
277
Let s(z) = z - 7. Let d be s(5). Let o be 0/(2 - d) + -103. Let q = -71 - o. List the prime factors of q.
2
Suppose -5*d + 0 = -350. Let a be (27/6)/9*d. Let q = a + 5. List the prime factors of q.
2, 5
Let k = 4 + -2. Suppose -5*l + 3*l + 3*j + 79 = 0, k*j - 151 = -3*l. List the prime factors of l.
47
Let s(i) = -40*i + 32. Let f be s(-6). Let z = f - 109. What are the prime factors of z?
163
Let g = 18 + -16. Suppose g*s = 5*b - 462, 3*b - 2*s = s + 279. Suppose -b = -5*q + c, 4*q - 4*c = -2*c + 76. What are the prime factors of q?
2, 3
Suppose -251 + 299 = 8*k. Let t = -1 + 1. Suppose k*p - 294 = -t*p. What are the prime factors of p?
7
Suppose 5*j - 89 + 24 = -s, 0 = s. Let i = j - -42. Suppose 3*a + 2*a - i = 0. List the prime factors of a.
11
Let n(u) = u**2 - 15*u + 8. Let f be n(10). Let h = 132 + f. Suppose -k = -4*k + h. List the prime factors of k.
2, 3, 5
Suppose 11*u + 138 = 413. Suppose u*s - 30*s = -780. List the prime factors of s.
2, 3, 13
Let i(d) = -106*d - 214. What are the prime factors of i(-8)?
2, 317
Suppose -10780 = -19*r + 3831. List the prime factors of r.
769
Let c(y) be the third derivative of -y**4/24 + y**3/6 - y**2. Let z(m) = m**2 + 12*m - 1. Let w(g) = 3*c(g) + z(g). What are the prime factors of w(-9)?
2
Let l be 0/(-2*(1 - 2)). Let q(v) = v**2 + 11*v - 16. Let f be q(-12). What are the prime factors of 16 - (f - (0 - l))?
2, 5
Let n be ((-6)/(-9))/(8/108). Suppose n*o = 4*o + 125. Suppose 2*a = 31 + o. List the prime factors of a.
2, 7
Let l(n) = -n**3 + 5*n**2 + 4*n + 4. Let v be l(7). Let t = v + 113. List the prime factors of t.
47
Let q(l) = 11*l + 1. Let g(w) = w**2 - 4*w + 3. Let a be g(6). Let d be (-5)/a + 10/3. List the prime factors of q(d).
2, 17
List the prime factors of ((-3 - -7) + 2)/((-4)/(-86)).
3, 43
Let j be 7/((-21)/(-6)) + 0. Let f be (3 - -14)/(1/j). Suppose -5*y = b - f, 2*b + b - 132 = -5*y. What are the prime factors of b?
7
Suppose -2*l = -4*l - 5*l. Suppose 5*v = u + 71 - 285, l = -v. List the prime factors of u.
2, 107
What are the prime factors of ((-44)/(-110))/((-4)/(-2460))?
2, 3, 41
Let y be (-48)/(-60)*(0 + 410). Suppose -3*n + 164 = -n + t, -4*n + 5*t + y = 0. List the prime factors of n.
2, 41
Suppose -9*w = -24*w + 5580. What are the prime factors of w?
2, 3, 31
Let a(p) = -p**2 + 93*p - 29. What are the prime factors of a(24)?
1627
Suppose 4*a - 4*z - 312 = 0, 0 = -2*a - z + 5*z + 166. Let h = -41 + a. What are the prime factors of h?
2
Let l be -66 - 1*(-4 - -1). Let b be (-2)/((-183)/l + -3). What are the prime factors of 9/b - (-548)/28?
2, 5
Suppose 0 = y - 3*y - 4*y. Suppose d - 3*x + 4*x = 173, y = -3*d + 4*x + 512. What are the prime factors of d?
2, 43
Let z(k) = 36*k**3 + 3*k**2 - k - 4. Let c be z(2). Suppose -c = 57*q - 59*q. List the prime factors of q.
3, 7
Let x(j) = j + 15 + 32*j**2 + 3*j - 12. List the prime factors of x(-1).
31
Let w = -5 + 25. What are the prime factors of w?
2, 5
Let d(o) = 2*o**2 - 18*o - 7. Let z be d(13). Let u be 1/(-2) + 14/4. Suppose 3*k = u*b + z + 29, -2*b = -4*k + 158. What are the prime factors of k?
37
Let z(s) be the first derivative of -9*s**2/2 - 10*s - 24. List the prime factors of z(-9).
71
Let x(d) be the second derivative of -d**5/20 + 2*d**4/3 + 11*d**3/6 + 3*d**2/2 + 16*d. What are the prime factors of x(9)?
3, 7
Suppose -3*o = -4*f - 5 - 8, 4*o + 4*f = 8. List the prime factors of (-6)/(-18) - (-311)/o.
2, 13
Let q = -175 + 400. Suppose 3*f + 57 - q = 0. Suppose 4*s = -4*x + 112, -f = -4*x - 3*s + 58. What are the prime factors of x?
2, 3, 5
Let d = -1 + 29. Suppose 185 = 3*r - 265. Suppose -j + v = -d, 5*j - 14 = -v + r. List the prime factors of j.
2
Let f be ((-243)/(-36))/(1/(-8)). Let m = 133 + f. List the prime factors of m.
79
Let d = 46 - 37. Let y(q) = q**2 - 5. What are the prime factors of y(d)?
2, 19
Let b(y) = 5*y**2 - 5*y + 14. What are the prime factors of b(11)?
2, 3, 47
Let g(b) = b**3 + 21*b**2 - 3*b - 25. List the prime factors of g(-17).
2, 3, 197
Let v = -195 - -361. List the prime factors of v.
2, 83
Let t be (-9)/(-6)*4/3. Suppose -2*y - y - k + 40 = 0, t*k = -5*y + 67. What are the prime factors of y?
13
Let o be 2/(-6) + (-13)/(-3). Let m = o + -2. Suppose 3*g + j + 3*j = 113, -5*j = m*g - 66. List the prime factors of g.
43
Suppose 2*n + 3 = -3. List the prime factors of (-10)/n*(-60)/(-100).
2
Let r = -25 - -27. Suppose m - r = 0, 5*i - 4*m - 122 = 405. What are the prime factors of i?
107
Let u be (2/(-2))/1 + -11. Let x = -4 - u. Let j = 2 + x. List the prime factors of j.
2, 5
What are the prime factors of ((-5734)/(-4) - 4) + (-1)/(-2)?
2, 5, 11, 13
Let j(y) = 8*y**2 - 3*y - 55. What are the prime factors of j(9)?
2, 283
Suppose 4 = -2*x - 4*q, 5*x - 3*q + 36 = -39. What are the prime factors of -3 - 40/x - (-430)/6?
2, 3
Suppose -3*h + 7040 = 2*r, -4*h = -0*h + 2*r - 9386. List the prime factors of h.
2, 3, 17, 23
Suppose 4748 = 34*f - 15244. What are the prime factors of f?
2, 3, 7
Let m = 586 + 803. What are the prime factors of m?
3, 463
Let l(q) = 163*q + 21. List the prime factors of l(2).
347
Let o(p) be the first derivative of p**4/4 - 17*p**3/3 + 10*p**2 - 13*p - 2. List the prime factors of o(16).
3, 17
Let c = 31 + -14. Let j be c - (3 + (-2)/(-2)). Suppose j*n - 9*n - 200 = 0. What are the prime factors of n?
2, 5
Let c(y) = 3*y + 1. Let j be c(-1). Let n be (-1)/(j*1/6). Suppose p = 4*p - m - 84, 0 = m + n. List the prime factors of p.
3
Let t be ((-6)/4)/(6/(-8)). Suppose 26 = t*a - 142. List the prime factors of a.
2, 3, 7
Let z(c) = 19*c**2 + 20*c - 10. List the prime factors of z(-3).
101
Suppose -2*q - 18 = 2*o, 2*q = o + 3*o - 6. Let a(r) = 6*r + 14. Let t(y) = y + 1. Let s(k) = a(k) - 5*t(k). What are the prime factors of s(q)?
2
Let h(o) = 1313*o**3 - o**2 + 8*o - 8. What are the prime factors of h(1)?
2, 41
Let j(i) = 231*i + 540. What are the prime factors of j(15)?
3, 5, 89
Let c = 316 - -212. Suppose 4*g - c = -4*r + 2*r, -r + 5*g = -236. What are the prime factors of r?
2
Suppose -2*x = -10, -x + 5*x = 3*q - 415. Let p = q + -83. List the prime factors of p.
2, 31
Let d(b) = -98*b + 6. Let u be d(4). Let h = -270 - u. Let i = h + -79. List the prime factors of i.
37
Let c(t) = 15*t - 5. Let d(u) = -15*u + 4. Let p(w) = 4*c(w) + 5*d(w). Suppose 5*n = -13 + 3. List the prime factors of p(n).
2, 3, 5
Suppose 5*t + 15 = 0, 0 = -5*z - 2*t - 322 + 4806. List the prime factors of z.
2, 449
Suppose 0 = -4*h - 5*t + 1033, 5*h = 4*h - t + 258. List the prime factors of h.
257
Let g(a) = -a. Let j(z) = -6*z + 1. Let u(k) = -4*g(k) + j(k). Suppose -23 = 4*y - 3*r, -2*y = -3*r + 25 - 6. What are the prime factors of u(y)?
5
Let w(h) = 2*h**2 + 17*h + 26. Let m be w(-7). List the prime factors of 2 + (0 - -172) + m.
179
Let b = 438 + -143. List the prime factors of b.
5, 59
Suppose -5*y + 26 = -2*r - 0*r, r - 5 = -2*y. Suppose a + y = -3*a. What are the prime factors of a/((-4)/(-552)*-3)?
2, 23
Suppose 2*k + 8 = 4*k. Suppose -m - k*m - 26 = 2*t, 36 = -5*m + 3*t. Let q(w) = w**3 + 8*w**2 + 7*w - 6. List the prime factors of q(m).
2, 3
Let d(k) = k**2 + k + 24. Suppose -5*n + 10 + 30 = 5*v, n = -5*v + 52. What are the prime factors of d(v)?
2, 3, 13
Suppose s + 5*k - 107 = 0, -4*s + 409 = -0*k + k. What are the prime factors of s?
2, 3, 17
Let s(l) = -34*l + 877. What are the prime factors of s(0)?
877
Suppose q - 3*q = -970. Suppose 6*w - q = w. Suppose -5*x + w = -8. What are the prime factors of x?
3, 7
Let y be -16 - -14 - 7*4. Let r = -24 - y. List the prime factors of r.
2, 3
Let a(y) = y + 4. Let p be a(4). Suppose -p*r + 160 = -3*r. Let d = -29 + r. List the prime factors of d.
3
Let z(b) = 2*b - 9. Let c be z(6). Suppose 4*q - c*y = 6*q - 38, 0 = -5*q - 2*y + 106. Let x = 32 - q. What are the prime factors of x?
2, 5
Let h